[INFO] cloning repository https://github.com/arcticronin/rustychip8
[INFO] running `Command { std: "git" "-c" "credential.helper=" "-c" "credential.helper=/workspace/cargo-home/bin/git-credential-null" "clone" "--bare" "https://github.com/arcticronin/rustychip8" "/workspace/cache/git-repos/https%3A%2F%2Fgithub.com%2Farcticronin%2Frustychip8", kill_on_drop: false }`
[INFO] [stderr] Cloning into bare repository '/workspace/cache/git-repos/https%3A%2F%2Fgithub.com%2Farcticronin%2Frustychip8'...
[INFO] running `Command { std: "git" "rev-parse" "HEAD", kill_on_drop: false }`
[INFO] [stdout] 65a0ae608de41c978f200ac05073fa4b58225f1e
[INFO] checking arcticronin/rustychip8 against master#9610dfe5a9a731ced1ea4923ecbd0c57fe367898 for beta-170-4
[INFO] running `Command { std: "git" "clone" "/workspace/cache/git-repos/https%3A%2F%2Fgithub.com%2Farcticronin%2Frustychip8" "/workspace/builds/worker-7-tc1/source", kill_on_drop: false }`
[INFO] [stderr] Cloning into '/workspace/builds/worker-7-tc1/source'...
[INFO] [stderr] done.
[INFO] validating manifest of git repo https://github.com/arcticronin/rustychip8 on toolchain 9610dfe5a9a731ced1ea4923ecbd0c57fe367898
[INFO] running `Command { std: CARGO_HOME="/workspace/cargo-home" RUSTUP_HOME="/workspace/rustup-home" "/workspace/cargo-home/bin/cargo" "+9610dfe5a9a731ced1ea4923ecbd0c57fe367898" "metadata" "--manifest-path" "Cargo.toml" "--no-deps", kill_on_drop: false }`
[INFO] started tweaking git repo https://github.com/arcticronin/rustychip8
[INFO] finished tweaking git repo https://github.com/arcticronin/rustychip8
[INFO] tweaked toml for git repo https://github.com/arcticronin/rustychip8 written to /workspace/builds/worker-7-tc1/source/Cargo.toml
[INFO] crate git repo https://github.com/arcticronin/rustychip8 already has a lockfile, it will not be regenerated
[INFO] running `Command { std: CARGO_HOME="/workspace/cargo-home" RUSTUP_HOME="/workspace/rustup-home" "/workspace/cargo-home/bin/cargo" "+9610dfe5a9a731ced1ea4923ecbd0c57fe367898" "fetch" "--manifest-path" "Cargo.toml", kill_on_drop: false }`
[INFO] running `Command { std: "docker" "create" "-v" "/var/lib/crater-agent-workspace/builds/worker-7-tc1/target:/opt/rustwide/target:rw,Z" "-v" "/var/lib/crater-agent-workspace/builds/worker-7-tc1/source:/opt/rustwide/workdir:ro,Z" "-v" "/var/lib/crater-agent-workspace/cargo-home:/opt/rustwide/cargo-home:ro,Z" "-v" "/var/lib/crater-agent-workspace/rustup-home:/opt/rustwide/rustup-home:ro,Z" "-e" "SOURCE_DIR=/opt/rustwide/workdir" "-e" "CARGO_TARGET_DIR=/opt/rustwide/target" "-e" "CARGO_HOME=/opt/rustwide/cargo-home" "-e" "RUSTUP_HOME=/opt/rustwide/rustup-home" "-w" "/opt/rustwide/workdir" "-m" "1610612736" "--user" "0:0" "--network" "none" "ghcr.io/rust-lang/crates-build-env/linux@sha256:5ff2268d62e97bff2cde7d5815dd6ed5b47097566f13b8d0ca110b04b60e07ed" "/opt/rustwide/cargo-home/bin/cargo" "+9610dfe5a9a731ced1ea4923ecbd0c57fe367898" "metadata" "--no-deps" "--format-version=1", kill_on_drop: false }`
[INFO] [stdout] 534025f33ab9c85327635472dedcbcea45f61b5046369f9c0e3cdf78c13285fa
[INFO] running `Command { std: "docker" "start" "-a" "534025f33ab9c85327635472dedcbcea45f61b5046369f9c0e3cdf78c13285fa", kill_on_drop: false }`
[INFO] running `Command { std: "docker" "inspect" "534025f33ab9c85327635472dedcbcea45f61b5046369f9c0e3cdf78c13285fa", kill_on_drop: false }`
[INFO] running `Command { std: "docker" "rm" "-f" "534025f33ab9c85327635472dedcbcea45f61b5046369f9c0e3cdf78c13285fa", kill_on_drop: false }`
[INFO] [stdout] 534025f33ab9c85327635472dedcbcea45f61b5046369f9c0e3cdf78c13285fa
[INFO] running `Command { std: "docker" "create" "-v" "/var/lib/crater-agent-workspace/builds/worker-7-tc1/target:/opt/rustwide/target:rw,Z" "-v" "/var/lib/crater-agent-workspace/builds/worker-7-tc1/source:/opt/rustwide/workdir:ro,Z" "-v" "/var/lib/crater-agent-workspace/cargo-home:/opt/rustwide/cargo-home:ro,Z" "-v" "/var/lib/crater-agent-workspace/rustup-home:/opt/rustwide/rustup-home:ro,Z" "-e" "SOURCE_DIR=/opt/rustwide/workdir" "-e" "CARGO_TARGET_DIR=/opt/rustwide/target" "-e" "CARGO_INCREMENTAL=0" "-e" "RUST_BACKTRACE=full" "-e" "RUSTFLAGS=--cap-lints=forbid" "-e" "RUSTDOCFLAGS=--cap-lints=forbid" "-e" "CARGO_HOME=/opt/rustwide/cargo-home" "-e" "RUSTUP_HOME=/opt/rustwide/rustup-home" "-w" "/opt/rustwide/workdir" "-m" "1610612736" "--user" "0:0" "--network" "none" "ghcr.io/rust-lang/crates-build-env/linux@sha256:5ff2268d62e97bff2cde7d5815dd6ed5b47097566f13b8d0ca110b04b60e07ed" "/opt/rustwide/cargo-home/bin/cargo" "+9610dfe5a9a731ced1ea4923ecbd0c57fe367898" "check" "--frozen" "--all" "--all-targets" "--message-format=json", kill_on_drop: false }`
[INFO] [stdout] b810773e959183e5d9500e950af3835c2a25e3af7400b0a1c57cb468e1e86ed0
[INFO] running `Command { std: "docker" "start" "-a" "b810773e959183e5d9500e950af3835c2a25e3af7400b0a1c57cb468e1e86ed0", kill_on_drop: false }`
[INFO] [stderr]     Checking numtoa v0.1.0
[INFO] [stderr]     Checking termion v1.5.6
[INFO] [stderr]     Checking chip8rusty v0.1.0 (/opt/rustwide/workdir)
[INFO] [stdout] error[E0425]: cannot find value `map` in this scope
[INFO] [stdout]   --> src/keyboard.rs:13:5
[INFO] [stdout]    |
[INFO] [stdout] 13 |     map
[INFO] [stdout]    |     ^^^ not found in this scope
[INFO] [stdout] 
[INFO] [stdout] 
[INFO] [stdout] error[E0425]: cannot find value `map` in this scope
[INFO] [stdout]   --> src/keyboard.rs:13:5
[INFO] [stdout]    |
[INFO] [stdout] 13 |     map
[INFO] [stdout]    |     ^^^ not found in this scope
[INFO] [stdout] 
[INFO] [stdout] 
[INFO] [stdout] error[E0425]: cannot find function `gen_hashmap` in this scope
[INFO] [stdout]   --> src/main.rs:40:19
[INFO] [stdout]    |
[INFO] [stdout] 40 |     print!("{:?}",gen_hashmap());
[INFO] [stdout]    |                   ^^^^^^^^^^^ not found in this scope
[INFO] [stdout]    |
[INFO] [stdout] note: function `crate::keyboard::gen_hashmap` exists but is inaccessible
[INFO] [stdout]   --> src/keyboard.rs:4:1
[INFO] [stdout]    |
[INFO] [stdout] 4  | fn gen_hashmap() ->HashMap {
[INFO] [stdout]    | ^^^^^^^^^^^^^^^^^^^^^^^^^^ not accessible
[INFO] [stdout] 
[INFO] [stdout] 
[INFO] [stdout] error[E0425]: cannot find function `gen_hashmap` in this scope
[INFO] [stdout]   --> src/main.rs:40:19
[INFO] [stdout]    |
[INFO] [stdout] 40 |     print!("{:?}",gen_hashmap());
[INFO] [stdout]    |                   ^^^^^^^^^^^ not found in this scope
[INFO] [stdout]    |
[INFO] [stdout] note: function `crate::keyboard::gen_hashmap` exists but is inaccessible
[INFO] [stdout]   --> src/keyboard.rs:4:1
[INFO] [stdout]    |
[INFO] [stdout] 4  | fn gen_hashmap() ->HashMap {
[INFO] [stdout]    | ^^^^^^^^^^^^^^^^^^^^^^^^^^ not accessible
[INFO] [stdout] 
[INFO] [stdout] 
[INFO] [stdout] warning: unused imports: `Stdin`, `Write`
[INFO] [stdout]  --> src/main.rs:3:15
[INFO] [stdout]   |
[INFO] [stdout] 3 | use std::io::{Write, Read, Stdin};
[INFO] [stdout]   |               ^^^^^        ^^^^^
[INFO] [stdout]   |
[INFO] [stdout]   = note: `#[warn(unused_imports)]` on by default
[INFO] [stdout] 
[INFO] [stdout] 
[INFO] [stdout] warning: unused imports: `Stdin`, `Write`
[INFO] [stdout]  --> src/main.rs:3:15
[INFO] [stdout]   |
[INFO] [stdout] 3 | use std::io::{Write, Read, Stdin};
[INFO] [stdout]   |               ^^^^^        ^^^^^
[INFO] [stdout]   |
[INFO] [stdout]   = note: `#[warn(unused_imports)]` on by default
[INFO] [stdout] 
[INFO] [stdout] 
[INFO] [stdout] warning: unused import: `std::thread`
[INFO] [stdout]  --> src/main.rs:7:5
[INFO] [stdout]   |
[INFO] [stdout] 7 | use std::thread;
[INFO] [stdout]   |     ^^^^^^^^^^^
[INFO] [stdout] 
[INFO] [stdout] 
[INFO] [stdout] warning: unused import: `std::thread`
[INFO] [stdout]  --> src/main.rs:7:5
[INFO] [stdout]   |
[INFO] [stdout] 7 | use std::thread;
[INFO] [stdout]   |     ^^^^^^^^^^^
[INFO] [stdout] 
[INFO] [stdout] 
[INFO] [stdout] warning: unused import: `std::time`
[INFO] [stdout]  --> src/main.rs:8:5
[INFO] [stdout]   |
[INFO] [stdout] 8 | use std::time;
[INFO] [stdout]   |     ^^^^^^^^^
[INFO] [stdout] 
[INFO] [stdout] 
[INFO] [stdout] warning: unused import: `std::time`
[INFO] [stdout]  --> src/main.rs:8:5
[INFO] [stdout]   |
[INFO] [stdout] 8 | use std::time;
[INFO] [stdout]   |     ^^^^^^^^^
[INFO] [stdout] 
[INFO] [stdout] 
[INFO] [stdout] warning: unused import: `std::arch::x86_64::_SIDD_MASKED_NEGATIVE_POLARITY`
[INFO] [stdout]  --> src/chip8.rs:1:5
[INFO] [stdout]   |
[INFO] [stdout] 1 | use std::arch::x86_64::_SIDD_MASKED_NEGATIVE_POLARITY;
[INFO] [stdout]   |     ^^^^^^^^^^^^^^^^^^^^^^^^^^^^^^^^^^^^^^^^^^^^^^^^^
[INFO] [stdout] 
[INFO] [stdout] 
[INFO] [stdout] warning: unused import: `std::arch::x86_64::_SIDD_MASKED_NEGATIVE_POLARITY`
[INFO] [stdout]  --> src/chip8.rs:1:5
[INFO] [stdout]   |
[INFO] [stdout] 1 | use std::arch::x86_64::_SIDD_MASKED_NEGATIVE_POLARITY;
[INFO] [stdout]   |     ^^^^^^^^^^^^^^^^^^^^^^^^^^^^^^^^^^^^^^^^^^^^^^^^^
[INFO] [stdout] 
[INFO] [stdout] 
[INFO] [stdout] error[E0107]: missing generics for struct `HashMap`
[INFO] [stdout]  --> src/keyboard.rs:4:20
[INFO] [stdout]   |
[INFO] [stdout] 4 | fn gen_hashmap() ->HashMap {
[INFO] [stdout]   |                    ^^^^^^^ expected at least 2 generic arguments
[INFO] [stdout]   |
[INFO] [stdout] help: add missing generic arguments
[INFO] [stdout]   |
[INFO] [stdout] 4 | fn gen_hashmap() ->HashMap<K, V> {
[INFO] [stdout]   |                           ++++++
[INFO] [stdout] 
[INFO] [stdout] 
[INFO] [stdout] error[E0107]: missing generics for struct `HashMap`
[INFO] [stdout]  --> src/keyboard.rs:4:20
[INFO] [stdout]   |
[INFO] [stdout] 4 | fn gen_hashmap() ->HashMap {
[INFO] [stdout]   |                    ^^^^^^^ expected at least 2 generic arguments
[INFO] [stdout]   |
[INFO] [stdout] help: add missing generic arguments
[INFO] [stdout]   |
[INFO] [stdout] 4 | fn gen_hashmap() ->HashMap<K, V> {
[INFO] [stdout]   |                           ++++++
[INFO] [stdout] 
[INFO] [stdout] 
[INFO] [stdout] error: aborting due to 3 previous errors; 4 warnings emitted
[INFO] [stdout] 
[INFO] [stdout] 
[INFO] [stdout] Some errors have detailed explanations: E0107, E0425.
[INFO] [stdout] 
[INFO] [stdout] For more information about an error, try `rustc --explain E0107`.
[INFO] [stdout] 
[INFO] [stdout] error: aborting due to 3 previous errors; 4 warnings emitted
[INFO] [stdout] 
[INFO] [stdout] 
[INFO] [stdout] Some errors have detailed explanations: E0107, E0425.
[INFO] [stdout] 
[INFO] [stdout] For more information about an error, try `rustc --explain E0107`.
[INFO] [stdout] 
[INFO] [stderr] error: could not compile `chip8rusty` (bin "chip8rusty" test) due to 4 previous errors; 4 warnings emitted
[INFO] [stderr] warning: build failed, waiting for other jobs to finish...
[INFO] [stderr] error: could not compile `chip8rusty` (bin "chip8rusty") due to 4 previous errors; 4 warnings emitted
[INFO] running `Command { std: "docker" "inspect" "b810773e959183e5d9500e950af3835c2a25e3af7400b0a1c57cb468e1e86ed0", kill_on_drop: false }`
[INFO] running `Command { std: "docker" "rm" "-f" "b810773e959183e5d9500e950af3835c2a25e3af7400b0a1c57cb468e1e86ed0", kill_on_drop: false }`
[INFO] [stdout] b810773e959183e5d9500e950af3835c2a25e3af7400b0a1c57cb468e1e86ed0
